{"id":134,"date":"2026-04-07T15:05:22","date_gmt":"2026-04-07T15:05:22","guid":{"rendered":"https:\/\/youthful-cray.82-223-64-3.plesk.page\/?page_id=134"},"modified":"2026-04-07T15:09:45","modified_gmt":"2026-04-07T15:09:45","slug":"quienes-somos","status":"publish","type":"page","link":"https:\/\/youthful-cray.82-223-64-3.plesk.page\/?page_id=134","title":{"rendered":"Qui\u00e9nes somos"},"content":{"rendered":"\n<p><\/p>\n\n\n\n<p>Somos una empresa especializada en la innovaci\u00f3n y desarrollo de soluciones avanzadas en bolsas isot\u00e9rmicas, dise\u00f1adas para garantizar la conservaci\u00f3n \u00f3ptima de productos sensibles a la temperatura durante todo su trayecto.<\/p>\n\n\n\n<p>Nuestra misi\u00f3n es proteger la cadena de fr\u00edo desde el supermercado hasta el hogar, adapt\u00e1ndonos a las necesidades de la vida diaria: compras cotidianas, viajes largos, escapadas a la playa o actividades de camping. Apostamos por la funcionalidad, la sostenibilidad y la tecnolog\u00eda aplicada para ofrecer productos que realmente marcan la diferencia.<\/p>\n\n\n\n<p>En nuestro compromiso constante con la innovaci\u00f3n, hemos desarrollado dos grandes avances a nivel mundial:<\/p>\n\n\n\n<ul class=\"wp-block-list\">\n<li><strong>La bolsa isot\u00e9rmica congelable a -30 \u00b0C y rellenable<\/strong>, una soluci\u00f3n \u00fanica que permite mantener temperaturas extremadamente bajas durante m\u00e1s tiempo, asegurando una conservaci\u00f3n superior de alimentos congelados.<\/li>\n\n\n\n<li><strong>La bolsa inteligente con control visual del fr\u00edo<\/strong>, equipada con tinta termogr\u00e1fica que indica de forma clara y directa cu\u00e1ndo se ha interrumpido la cadena de fr\u00edo de los productos transportados, aportando seguridad y tranquilidad al consumidor.<\/li>\n<\/ul>\n\n\n\n<p>Trabajamos para transformar un producto cotidiano en una herramienta tecnol\u00f3gica, fiable y eficiente, contribuyendo a mejorar la calidad, la seguridad alimentaria y la experiencia del usuario en cada uso.<\/p>\n\n\n\n<p><\/p>\n","protected":false},"excerpt":{"rendered":"<p>Somos una empresa especializada en la innovaci\u00f3n y desarrollo de soluciones avanzadas en bolsas isot\u00e9rmicas, dise\u00f1adas para garantizar la conservaci\u00f3n \u00f3ptima de productos sensibles a la temperatura durante todo su trayecto. Nuestra misi\u00f3n es proteger la cadena de fr\u00edo desde el supermercado hasta el hogar, adapt\u00e1ndonos a las necesidades de la vida diaria: compras cotidianas,&hellip;&nbsp;<\/p>\n","protected":false},"author":1,"featured_media":0,"parent":0,"menu_order":0,"comment_status":"closed","ping_status":"closed","template":"","meta":{"neve_meta_sidebar":"","neve_meta_container":"","neve_meta_enable_content_width":"","neve_meta_content_width":0,"neve_meta_title_alignment":"","neve_meta_author_avatar":"","neve_post_elements_order":"","neve_meta_disable_header":"","neve_meta_disable_footer":"","neve_meta_disable_title":"","footnotes":""},"class_list":["post-134","page","type-page","status-publish","hentry"],"_links":{"self":[{"href":"https:\/\/youthful-cray.82-223-64-3.plesk.page\/index.php?rest_route=\/wp\/v2\/pages\/134","targetHints":{"allow":["GET"]}}],"collection":[{"href":"https:\/\/youthful-cray.82-223-64-3.plesk.page\/index.php?rest_route=\/wp\/v2\/pages"}],"about":[{"href":"https:\/\/youthful-cray.82-223-64-3.plesk.page\/index.php?rest_route=\/wp\/v2\/types\/page"}],"author":[{"embeddable":true,"href":"https:\/\/youthful-cray.82-223-64-3.plesk.page\/index.php?rest_route=\/wp\/v2\/users\/1"}],"replies":[{"embeddable":true,"href":"https:\/\/youthful-cray.82-223-64-3.plesk.page\/index.php?rest_route=%2Fwp%2Fv2%2Fcomments&post=134"}],"version-history":[{"count":3,"href":"https:\/\/youthful-cray.82-223-64-3.plesk.page\/index.php?rest_route=\/wp\/v2\/pages\/134\/revisions"}],"predecessor-version":[{"id":138,"href":"https:\/\/youthful-cray.82-223-64-3.plesk.page\/index.php?rest_route=\/wp\/v2\/pages\/134\/revisions\/138"}],"wp:attachment":[{"href":"https:\/\/youthful-cray.82-223-64-3.plesk.page\/index.php?rest_route=%2Fwp%2Fv2%2Fmedia&parent=134"}],"curies":[{"name":"wp","href":"https:\/\/api.w.org\/{rel}","templated":true}]}}